 414. Let v(a) = 2*a**2 - 2*a - 3. Let q be v(3). What is the units digit of q/x - 915/(-20)?
5
Suppose -5*d - 14 - 7 = z, -101 = 3*z - 4*d. Let q = -44 - -31. Let x = q - z. What is the tens digit of x?
1
Suppose -2*u + 3*u + 5*m - 423 = 0, -u - m = -407. Suppose -2*w = 4*a - 395 - u, 399 = w - 2*a. What is the hundreds digit of w?
3
Let p = 178 - 55. Let n = -55 + p. What is the tens digit of n?
6
Suppose 0 = -4*c, -5*c - 15228 = 87*y - 88*y. What is the ten thousands digit of y?
1
Let g = 5295 + 13405. What is the hundreds digit of g?
7
Let l(s) = s + 10 - 18*s + 31*s**3 - 1 + 14*s**2 - 29*s**3. Let p be l(-11). What is the tens digit of p/(-8) - (-2)/(-4)?
9
Let j = 18 + 46. Suppose 0 = 2*t - 14 - j. Suppose t - 763 = -4*p. What is the units digit of p?
1
Suppose 4*g + 4*l = -20, -2*l = 4*g - 3*g + 6. Let i be (7 + g)/((-4)/12). What is the tens digit of (-3)/9 + (-318)/i?
3
Suppose -3*m = -8*m + 125. Let t = 10 + 49. Let w = t - m. What is the units digit of w?
4
Suppose 124*u - 25*u = -73*u + 10651960. What is the ten thousands digit of u?
6
Suppose -18*o = -4*z - 22*o + 7932, 10 = 2*o. What is the tens digit of z?
7
Suppose 560*d = 524*d + 679320. What is the thousands digit of d?
8
Let r(h) = -h**3 - 6*h**2 - 18*h - 14. Let j be r(-8). Suppose -7*w = -j + 27. What is the tens digit of w?
3
Suppose -4*t - 4*v + 40 = 0, -v + 9 - 4 = 0. What is the tens digit of (-4 - -1) + t - -29?
3
Suppose -z - 2*z - 3 = -t, 3*t - 3*z - 15 = 0. What is the tens digit of -2*(-173 - t)*(-2)/(-2)?
5
Let w = -81 + 147. Suppose 2*a = -4*o + 292, a + w = 2*o + 220. Let n = 244 - a. What is the tens digit of n?
9
Suppose 0 = -26*w + 7*w - 19057. Let j = w - -2039. What is the hundreds digit of j?
0
Suppose 2*a + 54152 = 2*j, 22*j - 38*j - a + 433352 = 0. What is the thousands digit of j?
7
Let x(q) = -3*q**3 - 29*q**2 - 13*q - 470. What is the thousands digit of x(-21)?
4
Let d(f) = -f**3 + 11*f**2 - 8*f - 16. Let t be d(10). Let q be ((-1)/t*-1)/(3/228). Let l(k) = -k**2 + 36*k - 32. What is the tens digit of l(q)?
9
Let m = -24614 - -70133. What is the thousands digit of m?
5
Let t be (3 - (-4)/(-4)) + 4471. Suppose -14*u + 5*u + t = 0. What is the tens digit of u?
9
Let w(y) be the first derivative of y**4/4 + 5*y**3/3 - 7*y**2/2 - 3*y - 1. Let d be 30/(-9)*(-225)/(-125). What is the units digit of w(d)?
3
Let g(t) = 418*t**2 + 23*t + 54. What is the units digit of g(-3)?
7
Let a(r) = 13*r + 154. Let c be a(-29). Let f = c + 530. What is the hundreds digit of f?
3
Let b(c) = -c**3 + 35*c**2 + 159*c + 415. What is the hundreds digit of b(32)?
5
Let s = 2924 + -724. Suppose 20*o = s + 180. What is the tens digit of o?
1
Let f = 138 + -138. Suppose 5*m - 5*a - 1660 = f, 4*a = -4*m - m + 1615. What is the hundreds digit of m?
3
Let s(i) = -7*i + 6. Let y be s(1). Let f be 3 + y + (5 - 5/5). What is the tens digit of (-1)/(f/(-4)) - (-156)/9?
1
Let s(m) = 680*m + 3313. What is the thousands digit of s(43)?
2
Let h(q) = -3*q - 3. Let j be h(5). Let g = -8 - j. Suppose g = 7*c - 123. What is the units digit of c?
9
Let a(f) = 650*f**2 + 100*f + 3. What is the ten thousands digit of a(-4)?
1
What is the tens digit of 32540422/1161 - 8/(-108)?
2
Let b be (-242)/20 - (-1)/10. What is the tens digit of 13/(-78) + (-1742)/b?
4
Suppose x = -x + 1568. Suppose -f + 4*g - x = -0*g, 0 = -f + 2*g - 784. What is the units digit of f/(-42) + (-1)/(-3)?
9
Let n(z) = z**2 - 17*z - 35. Let r be n(19). Suppose 2*p - 142 = -2*i - 0*p, 0 = -r*i - 2*p + 217. What is the units digit of i?
5
Let z be (-4)/(-3)*339/2. Let h be (((-20)/(-30))/2)/((-3)/(-54)*2). Suppose -h*k + z = -56. What is the units digit of k?
4
Let i be (-10194)/(-4)*(-4)/3. Let p = -2388 - i. What is the hundreds digit of p?
0
Suppose 2632 = 4*u - 4*k - 12272, -4 = 4*k. What is the units digit of u?
5
What is the thousands digit of (5/1 - (-3444)/41)/(4/700)?
5
Let c be 29 - ((2 - 2) + 2). Let h = c - 39. Let n(y) = y**3 + 14*y**2 + 15*y + 8. What is the tens digit of n(h)?
1
Suppose 5*j - 113 = -2*v, -69 = -v - 7*j + 2*j. Suppose 3132 = -v*p + 53*p. What is the tens digit of p?
4
Let u(g) = 16*g**3 - 8*g**2 + 36*g + 78. What is the hundreds digit of u(10)?
6
Suppose -5*r - 2*h = -6, 4*r - r + 3 = h. Suppose -32*q + 33*q - 180 = r. What is the tens digit of q?
8
Let g be 110/(-2)*(440/(-50))/4. Suppose -g*f + 113*f + 2968 = 0. What is the tens digit of f?
7
Suppose 3*x - 3 = 0, -5*g + 2*x + 47591 = -28577. What is the hundreds digit of g?
2
Let v(q) = 30*q + 66. Let h be v(-9). Let j = h + 459. What is the tens digit of j?
5
Let t(n) = -n**3 + 45*n**2 - 254*n + 81. What is the units digit of t(33)?
7
Suppose u - 3*u + o + 18 = 0, 4*u = o + 40. Suppose 0 = u*f - 10*f + 4*x - 400, 4*f + 2*x = 1656. What is the units digit of f?
6
Let d be ((-448)/(-35) - 5)/(1/(-10)). Let h = 78 + d. Suppose 30 - 802 = -5*p + j, h = 2*p - j - 307. What is the units digit of p?
5
Suppose 5*i = 8 - 18. Let k be 0 + (-136)/(-2) - i/(-2). Suppose k = b - 84. What is the hundreds digit of b?
1
Suppose -14*d - 31816 = -188518. What is the hundreds digit of d?
1
Suppose 315*r - 320*r = -2*y + 27783, -13887 = -y + r. What is the ten thousands digit of y?
1
Let x = -45094 - -80152. What is the hundreds digit of x?
0
Let o = -45 - -64. Let i be -418 + o - 1*3. Let b = -229 - i. What is the tens digit of b?
7
Let n = 99 + -24. Let x be (((-256)/40)/(-4))/(2/n). Suppose -4*h - 3*c = h - x, 2*h = 2*c + 24. What is the units digit of h?
2
Let i = -138 - -87. Let o(g) = -2*g**3 + 4*g**2 + g - 5. Let q be o(-4). Let h = i + q. What is the units digit of h?
2
Suppose 3*d = -11*d + 266. Suppose -d = t - 12. What is the units digit of -2 + 7/(t/(-46))*2?
0
Suppose 113*w + 170522 = 51*w + 797900. What is the ten thousands digit of w?
1
Let w(i) = -2*i**2 + 43*i - 26. Let t be w(21). Let o(j) = 20*j + 101. What is the units digit of o(t)?
1
Let n = -278 - 490. Let m = 1296 + n. What is the hundreds digit of m?
5
Let z = -497 + 545. What is the tens digit of (0 - -1) + 1536/z?
3
Let z(c) = 15*c**2 + 10*c + 7. Let n(v) = 2*v**3 - v**2 - v. Let q(l) = -2*n(l) + z(l). What is the units digit of q(-4)?
7
Suppose -18*n = -14*n - 10*n + 61614. What is the ten thousands digit of n?
1
Let m(f) = 2*f + 41. Let a be m(-21). Let k(o) = 47*o**3 - 2*o**2 + o + 2. Let c be k(a). Let p = c + 83. What is the units digit of p?
5
Suppose 281*k - 51654 = 279*k - 4*d, -5*k + 3*d = -129044. What is the thousands digit of k?
5
Let j = 36 + -31. Suppose 360 = j*d - 0*d. Suppose 4*o = d - 0. What is the units digit of o?
8
Let t be (13/(-1) - -5)/2. Let v(o) = 25*o**2 + 3*o + 2. What is the tens digit of v(t)?
9
Let z be -2 + (-27)/(-5) - (-4)/(-10). Suppose 5 = -b, z*t + 4*b + 24 = b. Let m(i) = 10*i**2 + 3*i - 6. What is the units digit of m(t)?
5
Suppose -i + 6058 = -2*w, 56*i - 52*i + 2*w - 24282 = 0. What is the tens digit of i?
6
Suppose s - 5 = -3*q, 7 + 2 = 3*s + 3*q. Suppose 3*f = -b + 14, -s*b + 1 = 2*b + f. What is the tens digit of 6 + (48 - 1) + (-4 - b)?
5
Let c = -13155 - -19273. What is the tens digit of c?
1
Let j = 48891 + -34434. What is the tens digit of j?
5
Let f = 4487 + -70. What is the thousands digit of f?
4
Suppose 11*y - 40 = 4. Suppose y*s - w - 2428 = 0, 0*s - 5*w = 5*s - 3035. What is the hundreds digit of s?
6
Let n = 275 - 181. Let k = -31 - 41. Let l = n + k. What is the tens digit of l?
2
Let f = 91607 + -63809. What is the hundreds digit of f?
7
Let o(k) = -k**2 + 21*k - 33. Let n = -2 + 21. Let x be o(n). What is the tens digit of ((x*8)/2)/(4 + -2)?
1
Suppose -3*a - 5*v - 6 = -31, 3*v - 6 = 0. Suppose 4*z + 1 = 17. Suppose 0 = -5*g - a*l + 84 + 686, -l = z*g - 607. What is the tens digit of g?
5
Let g be (-25 - -27) + 2 + 27. Suppose -g*i + 0*i + 26133 = 0. What is the units digit of i?
3
Let j(w) = 12571*w - 2106. What is the ten thousands digit of j(2)?
2
Let b be (3 - 2)/(3/6). Suppose 3*z + b*p - 539 = 0, 0 = 3*z - 5*p - 117 - 457. What is the hundreds digit of z?
1
Let s(l) = l**3 + 3*l**2 - 8*l + 10. Suppose -7*m - 30 = -10*m. Suppose -5*f - 2*k = -m, 2*f + k + 0 - 3 = 0. What is the units digit of s(f)?
0
Let c(z) = -1014*z**3 + 116*z**2 - z - 2. What is the thousands digit of c(-2)?
8
Let m(i) = i**3 + 21*i**2 + 107*i - 11. Let